y(k) = 2*k**2 + 4*k + 24. List the prime factors of y(u).
2, 3, 11
Let l(f) = -f**2 + 2. Let d be l(-1). Let t(r) = 4*r - 12 + 11*r + 19*r - d. List the prime factors of t(4).
3, 41
Suppose 5*s = 2*l - 6, 0*s - 12 = 2*s - 4*l. Let n be ((0/4 - -2) + s)*1. Suppose -n*u + 57 - 3 = 0. What are the prime factors of u?
3
Suppose -3*t - 53 = -3*c - 17, -4 = 2*t + 2*c. Let o be 275/4 - t/28. Suppose 261 - o = 8*y. What are the prime factors of y?
2, 3
Let z be 20/(-30) - (-16)/6. Suppose -z*n - 2214 = -6*n + m, -5*n + 2766 = -2*m. What are the prime factors of n?
2, 277
Suppose -148*g + 1215788 + 868036 = -61*g. List the prime factors of g.
2, 3, 499
Let c(t) = 5*t**3 - 10*t**2 + 3*t - 2. Suppose 4*p + 3*m + 218 = 0, p - 2*m + 1 = -59. Let n = 60 + p. List the prime factors of c(n).
2, 5, 17
Let n(p) = -5*p**2 - p + 12. Let q(k) = -4*k**2 - k + 13. Let d = -70 + 67. Let o(v) = d*n(v) + 2*q(v). List the prime factors of o(-3).
2, 5
Let m = 3541 - -8170. What are the prime factors of m?
7, 239
Let i(z) = -1184*z - 77. What are the prime factors of i(-1)?
3, 41
Suppose -60*a = 125*a - 4791685. List the prime factors of a.
59, 439
Let t(n) = 56*n + 27. Suppose 0 = 5*k - m - 21, 0*k + 5*m = k + 15. List the prime factors of t(k).
307
Suppose -o + 5*a - 10 = 2*o, 4 = -5*o + 2*a. Let v(d) = -4*d + 502. List the prime factors of v(o).
2, 251
Let d(n) = 229*n**2 + 3*n - 3. Let s = 335 - 333. List the prime factors of d(s).
919
Let a = -22 - 10. Let w = 35 + a. Suppose -4*j + 289 = w*t, 205 - 710 = -5*t - 2*j. What are the prime factors of t?
103
Suppose -5 = j, 28*z = 27*z + j + 40504. What are the prime factors of z?
40499
List the prime factors of 116/10*85*(-40)/(-10).
2, 17, 29
Let q(h) = h**2 + 7*h - 36. Suppose -7*c + 638 = -18*c. Let j = -71 - c. List the prime factors of q(j).
2, 3, 7
Let o(s) = -46*s**3 + 6*s**2 + 2*s - 6. Let f be o(-2). Let a = f - 171. List the prime factors of a.
211
Let g = -36 - -41. Suppose g*j - 5*c - 1023 = -4*c, 828 = 4*j - 4*c. Suppose 0 = -4*r - 4*z + 272, z = -6*r + 3*r + j. List the prime factors of r.
2, 17
Let x be (6/(-2))/((-13)/(-39))*1. Suppose -4*n = -7*n + 276. Let q = n + x. List the prime factors of q.
83
Let a(m) = -m**2 + 4*m - 5. Let u be a(3). Let s be ((-3)/(-9))/(u + 39/18). What are the prime factors of 9/((-27)/(-102)) - (s + 1)?
31
List the prime factors of (0 + -2 - 0)/(71983/4799 + -15).
4799
Suppose f - 8 + 0 = 0. Let d(n) = -3 - 5*n + 37*n**3 + 28*n**2 + 0 - 38*n**3 - 19*n**2. List the prime factors of d(f).
3, 7
Suppose -13*i - 18*i = -93. Suppose -2105 = -2*s - i*c, 9*s - 6*s + 4*c = 3159. What are the prime factors of s?
7, 151
Suppose -197*y + 367001 = 17*y - 2396381. List the prime factors of y.
37, 349
Suppose -y + 84 + 383 = 0. Let o = y - 142. List the prime factors of o.
5, 13
Let w = 4 + 26. Suppose w - 126 = -6*x. Let u = x + 2. List the prime factors of u.
2, 3
Let s(r) = 16 + 2*r**2 - r + 0 + 0*r + 0*r**2. Let m be s(0). Suppose -4*t = m, 0 = -5*u + 2*t - t + 429. List the prime factors of u.
5, 17
Let p = -333 - -3027. Let k = p + -104. Suppose 9*x + 5*x = k. List the prime factors of x.
5, 37
Let r(g) = -g**3 + 4*g**2 - 3. Let b be r(-4). Let i = b - 60. Suppose i + 61 = f. What are the prime factors of f?
2, 3, 7
Let p = 295 + -274. Suppose p*w - 4790 = 3694. What are the prime factors of w?
2, 101
Let h(w) be the first derivative of 5*w**3/3 - w**2/2 + 3*w + 9. Let b be h(1). Let q = 15 + b. What are the prime factors of q?
2, 11
Let x = -37059 - -70183. List the prime factors of x.
2, 7, 13
Suppose -2*v + 9493 = 5*o, -2*o = 4*v - 17700 - 1326. What are the prime factors of v?
4759
Let g be -8*14/(-42)*78/4. Suppose -2*k = -0*k - 4*i - 64, -2*k + i + g = 0. Let n = k - -61. What are the prime factors of n?
5, 17
Suppose 6*z + 2473 = -8123. Let n = -405 - z. List the prime factors of n.
1361
Let b(k) = -34*k + 28. Let x(r) = r**3 - 8*r**2 + 7*r + 5. Let w be x(7). Let p be b(w). Let n = p + 207. What are the prime factors of n?
5, 13
Let n = -62 - -66. Suppose 3*o + o + 56 = n*x, 2*o + 3*x = -43. Let c(g) = -13*g - 9. List the prime factors of c(o).
2, 53
Suppose 10*q + 2814 = 2*w + 6*q, q = -5. List the prime factors of w.
11, 127
Suppose y = -3, -21*q - 4*y + 21450 = -18*q. Suppose q = 3*s + 4*s. List the prime factors of s.
2, 7, 73
Let z(m) = 240*m**3 - m**2 + 3. Let d be z(2). Suppose 53*b - 58*b - 2546 = -4*x, 0 = 3*x + b - d. What are the prime factors of x?
3, 71
Let z = 48 + 10. Suppose 0*b - z = -4*b + 2*c, b = 2*c + 10. Suppose -b*w + 166 = -1834. What are the prime factors of w?
5
Suppose 2*u - 3*t = 15, -t - 15 = -0*u - 4*u. Let j(o) = 3*o + 7. What are the prime factors of j(u)?
2
Let t be 926/(-12) - (-27)/162. Let h = 107 - t. What are the prime factors of h?
2, 23
Let d(t) = -105*t + 546. Let r(q) = -35*q + 182. Let y(c) = 3*d(c) - 8*r(c). What are the prime factors of y(-31)?
7, 181
Let g(r) = r - 1. Let o(h) = 3*h - 2. Let i(j) = 6*g(j) - o(j). Let b(n) = 15*n**2 + 3*n + 1. Let k be b(-1). What are the prime factors of i(k)?
5, 7
Let v(c) = 31*c**2 + 8*c - 10. Let f(b) = b**3 - 9*b**2 - 9*b - 6. Let h be f(10). List the prime factors of v(h).
2, 7, 37
Let m = -14201 - -47986. What are the prime factors of m?
5, 29, 233
Let a be 44/(-286) + (-14)/(-26)*-9. List the prime factors of (14 + 245/a)*86/(-10).
7, 43
Let a be 28 + -3 + 2 + -3. Let q be 219/4 + a/(-32). Let g = q + 21. What are the prime factors of g?
3, 5
Suppose -3*s + 9 = -5*n, 0 = -5*n + 6*n - 4*s - 5. Let m be (0 + 1)*(-12 - -3)/n. Suppose m*z + 9 = 0, -2*z + 37 = r - 14. List the prime factors of r.
3, 19
Let y be 0 - (2 + 12 - -5). Let v = 19 + y. Let r(m) = m**2 - m + 41. List the prime factors of r(v).
41
Suppose -v = 2*v + l - 13883, 5*l - 18529 = -4*v. What are the prime factors of ((20/(-6))/(-10))/(2/v)?
3, 257
List the prime factors of (((-416)/(-6))/(-2))/(268/(-402)).
2, 13
Suppose -27*w + 6 = -48. Suppose -w*h - 2*b + 1690 = 0, -4*h = b - 770 - 2595. What are the prime factors of h?
2, 3, 5, 7
Let n = 5029 - 2579. Suppose -m - 2410 + n = 0. List the prime factors of m.
2, 5
Let h(p) = 25*p + 1. Let t be 152/4 - 7/7. Let c = t - 33. What are the prime factors of h(c)?
101
Let j(w) = -420*w + 11009. What are the prime factors of j(6)?
13, 653
Let z(m) = -109*m - 1. Let r(a) = -324*a - 2. Let u(c) = -3*r(c) + 8*z(c). List the prime factors of u(1).
2, 7
Let i be 6/(-42) - (-1653)/7. List the prime factors of 2/(-3) + i/(-48)*-148.
727
Suppose -113*b = -463*b + 6183100. What are the prime factors of b?
2, 11, 73
Let f(i) = 27*i + 4. Let z be f(4). Let d(m) = -183*m + 1285. Let b be d(7). Suppose -b*j - 4*o = -192, -3*j + z = 4*o - 34. What are the prime factors of j?
2, 23
Let i(k) = 36*k**2 + 30*k + 53. What are the prime factors of i(-12)?
4877
Let w(j) = j**3 + 56*j**2 + 117*j - 178. What are the prime factors of w(-53)?
2
Let d(q) = 869*q + 347. What are the prime factors of d(7)?
2, 5, 643
List the prime factors of (-12)/(-15) - (-4 - 34808/40).
5, 7
Let p = 32183 + -11221. List the prime factors of p.
2, 47, 223
Let y(q) = -401*q + 98. Let u be y(-2). Suppose 137 = -w + u. What are the prime factors of w?
7, 109
Suppose -2*j - 105 = 873. Let d = -257 - j. What are the prime factors of (-10 - -5 - -8) + d?
5, 47
Suppose 13366 = -3*i - 5*t + 53908, 40608 = 3*i - 6*t. What are the prime factors of i?
2, 3, 7, 23
Suppose 3*q - 3*n = -330, -3*q + 3*n - 326 = 2*n. Let v = q - -110. Suppose -v*o = -o - 231. What are the prime factors of o?
3, 7, 11
Let r(k) = 377*k**3 + 4*k**2 + k + 8. Let t(s) = 1131*s**3 + 11*s**2 + 3*s + 23. Let w(x) = 17*r(x) - 6*t(x). What are the prime factors of w(-1)?
2, 3, 7
Let q(v) = -88*v**3 + 5*v**2 - 11*v - 8. What are the prime factors of q(-4)?
2, 3, 479
Let v be (-5*(-16)/(-280))/((-2)/28). Suppose 5*w - 1585 = 5*j, -3*w - v*j = -369 - 568. List the prime factors of w.
3, 5, 7
Let g(s) = 23*s**2 + 81*s + 3195. What are the prime factors of g(-29)?
13, 1553
Suppose -116*p + 63*p + 18232 = 0. What are the prime factors of p?
2, 43
Let g be (0 + -2 - -1)*-4. Let l(s) = 10*s - 4. List the prime factors of l(g).
2, 3
Let l be (2 - (-906)/12)*(2 + 0). Suppose -10 - 11 = -7*t. Suppose l = -t*k + 530. What are the prime factors of k?
5
Let g(r) = 35*r**2 - 25*r +